 of 13315?
5, 2663
List the prime factors of 2523.
3, 29
List the prime factors of 172810.
2, 5, 11, 1571
List the prime factors of 104.
2, 13
List the prime factors of 14524.
2, 3631
What are the prime factors of 10214?
2, 5107
What are the prime factors of 120896?
2, 1889
List the prime factors of 1464.
2, 3, 61
List the prime factors of 2398.
2, 11, 109
List the prime factors of 4263.
3, 7, 29
What are the prime factors of 18430?
2, 5, 19, 97
What are the prime factors of 17479?
7, 11, 227
What are the prime factors of 19777?
19777
List the prime factors of 116.
2, 29
What are the prime factors of 35457?
3, 53, 223
List the prime factors of 5265.
3, 5, 13
List the prime factors of 1960.
2, 5, 7
List the prime factors of 912.
2, 3, 19
List the prime factors of 219.
3, 73
What are the prime factors of 1247?
29, 43
List the prime factors of 44186.
2, 22093
What are the prime factors of 19473?
3, 6491
List the prime factors of 102.
2, 3, 17
What are the prime factors of 54264?
2, 3, 7, 17, 19
List the prime factors of 78365.
5, 7, 2239
What are the prime factors of 7384?
2, 13, 71
List the prime factors of 128.
2
What are the prime factors of 424?
2, 53
List the prime factors of 3655.
5, 17, 43
What are the prime factors of 44?
2, 11
What are the prime factors of 13782?
2, 3, 2297
What are the prime factors of 681?
3, 227
What are the prime factors of 1079?
13, 83
List the prime factors of 2669.
17, 157
List the prime factors of 183.
3, 61
List the prime factors of 640.
2, 5
List the prime factors of 34711.
103, 337
List the prime factors of 8001.
3, 7, 127
List the prime factors of 694.
2, 347
What are the prime factors of 1202?
2, 601
List the prime factors of 2100.
2, 3, 5, 7
List the prime factors of 14970.
2, 3, 5, 499
List the prime factors of 369.
3, 41
List the prime factors of 2057.
11, 17
What are the prime factors of 7167?
3, 2389
List the prime factors of 13857.
3, 31, 149
List the prime factors of 40040.
2, 5, 7, 11, 13
What are the prime factors of 10178?
2, 7, 727
What are the prime factors of 19868?
2, 4967
List the prime factors of 15105.
3, 5, 19, 53
List the prime factors of 9640.
2, 5, 241
List the prime factors of 66933.
3, 37, 67
List the prime factors of 1141.
7, 163
List the prime factors of 33985.
5, 7, 971
List the prime factors of 8711.
31, 281
List the prime factors of 10073.
7, 1439
What are the prime factors of 4163?
23, 181
List the prime factors of 71.
71
List the prime factors of 9792.
2, 3, 17
What are the prime factors of 1720?
2, 5, 43
What are the prime factors of 42900?
2, 3, 5, 11, 13
What are the prime factors of 635?
5, 127
List the prime factors of 3562.
2, 13, 137
What are the prime factors of 1517?
37, 41
List the prime factors of 76799.
61, 1259
List the prime factors of 52275.
3, 5, 17, 41
What are the prime factors of 117384?
2, 3, 67, 73
List the prime factors of 878.
2, 439
What are the prime factors of 3317?
31, 107
What are the prime factors of 137547?
3, 17, 29, 31
What are the prime factors of 1670?
2, 5, 167
List the prime factors of 530.
2, 5, 53
What are the prime factors of 2698?
2, 19, 71
List the prime factors of 4527.
3, 503
What are the prime factors of 7096?
2, 887
List the prime factors of 6942.
2, 3, 13, 89
List the prime factors of 72231.
3, 24077
List the prime factors of 2525.
5, 101
What are the prime factors of 100033?
167, 599
List the prime factors of 9632.
2, 7, 43
What are the prime factors of 147555?
3, 5, 1093
List the prime factors of 22435.
5, 7, 641
What are the prime factors of 35079?
3, 11, 1063
What are the prime factors of 23680?
2, 5, 37
What are the prime factors of 51152?
2, 23, 139
What are the prime factors of 590?
2, 5, 59
What are the prime factors of 653?
653
What are the prime factors of 17640?
2, 3, 5, 7
What are the prime factors of 18699?
3, 23, 271
List the prime factors of 677.
677
What are the prime factors of 33534?
2, 3, 23
List the prime factors of 221.
13, 17
List the prime factors of 1514.
2, 757
List the prime factors of 1112.
2, 139
List the prime factors of 237.
3, 79
List the prime factors of 39884.
2, 13, 59
What are the prime factors of 32076?
2, 3, 11
What are the prime factors of 5373?
3, 199
What are the prime factors of 1432?
2, 179
What are the prime factors of 533?
13, 41
List the prime factors of 48882.
2, 3, 8147
List the prime factors of 341.
11, 31
List the prime factors of 377.
13, 29
What are the prime factors of 127650?
2, 3, 5, 23, 37
List the prime factors of 12406.
2, 6203
List the prime factors of 18442.
2, 9221
List the prime factors of 9023.
7, 1289
What are the prime factors of 633?
3, 211
What are the prime factors of 677?
677
What are the prime factors of 1122?
2, 3, 11, 17
List the prime factors of 2163.
3, 7, 103
List the prime factors of 1031.
1031
List the prime factors of 1707.
3, 569
List the prime factors of 2177.
7, 311
List the prime factors of 2559.
3, 853
What are the prime factors of 73466?
2, 109, 337
List the prime factors of 18163.
41, 443
What are the prime factors of 601?
601
What are the prime factors of 29459?
89, 331
What are the prime factors of 30955?
5, 41, 151
What are the prime factors of 3859?
17, 227
List the prime factors of 27361.
27361
List the prime factors of 121870.
2, 5, 7, 1741
What are the prime factors of 7927?
7927
What are the prime factors of 5872?
2, 367
What are the prime factors of 15456?
2, 3, 7, 23
List the prime factors of 14219.
59, 241
List the prime factors of 1563.
3, 521
List the prime factors of 8042.
2, 4021
What are the prime factors of 1269?
3, 47
List the prime factors of 6829.
6829
List the prime factors of 4127.
4127
List the prime factors of 4521.
3, 11, 137
What are the prime factors of 2957?
2957
List the prime factors of 7470.
2, 3, 5, 83
List the prime factors of 240.
2, 3, 5
What are the prime factors of 1490?
2, 5, 149
List the prime factors of 355.
5, 71
List the prime factors of 1981.
7, 283
List the prime factors of 8585.
5, 17, 101
List the prime factors of 96.
2, 3
What are the prime factors of 71674?
2, 35837
List the prime factors of 15126.
2, 3, 2521
What are the prime factors of 1152?
2, 3
What are the prime factors of 19176?
2, 3, 17, 47
What are the prime factors of 21050?
2, 5, 421
List the prime factors of 6692.
2, 7, 239
What are the prime factors of 524?
2, 131
List the prime factors of 405.
3, 5
What are the prime factors of 356?
2, 89
List the prime factors of 6596.
2, 17, 97
List the prime factors of 41266.
2, 47, 439
What are the prime factors of 2141?
2141
What are the prime factors of 22909?
31, 739
What are the prime factors of 17303?
11, 13
What are the prime factors of 2569?
7, 367
List the prime factors of 540.
2, 3, 5
List the prime factors of 14720.
2, 5, 23
What are the prime factors of 8901?
3, 23, 43
What are the prime factors of 5241?
3, 1747
What are the prime factors of 926?
2, 463
List the prime factors of 1560.
2, 3, 5, 13
List the prime factors of 6985.
5, 11, 127
List the prime factors of 21804.
2, 3, 23, 79
List the prime factors of 20751.
3, 6917
What are the prime factors of 1058?
2, 23
What are the prime factors of 681?
3, 227
What are the prime factors of 2397?
3, 17, 47
What are the prime factors of 919?
919
What are the prime factors of 130959?
3, 14551
List the prime factors of 34.
2, 17
List the prime factors of 4132.
2, 1033
What are the prime factors of 42591?
3, 14197
What are the prime factors of 5457?
3, 17, 107
List the prime factors of 19210.
2, 5, 17, 113
What are the prime factors of 21543?
3, 43, 167
List the prime factors of 17455.
5, 3491
What are the prime factors of 3664?
2, 229
List the prime factors of 3060.
2, 3, 5, 17
List the prime factors of 25355.
5, 11, 461
What are the prime factors of 3721?
61
What are the prime factors of 490?
2, 5, 7
What are the prime factors of 968?
2, 11
List the prime factors of 3928.
2, 491
What are the prime factors of 15247?
79, 193
List the prime factors of 99560.
2, 5, 19, 131
List the prime factors of 420.
2, 3, 5, 7
What are the prime factors of 3931?
3931
What are the prime factors of 118?
2, 59
What are the prime factors of 1255?
5, 251
List the prime factors of 1716.
2, 3, 11, 13
List the prime factors of 23563.
23563
What are the prime factors of